{"id":6,"date":"2019-06-01T14:15:21","date_gmt":"2019-06-01T14:15:21","guid":{"rendered":"http:\/\/jedznawakacje.pl\/?page_id=6"},"modified":"2025-09-07T21:01:46","modified_gmt":"2025-09-07T21:01:46","slug":"oferta","status":"publish","type":"page","link":"http:\/\/jedznawakacje.pl\/","title":{"rendered":"Noclegi"},"content":{"rendered":"\n<figure class=\"wp-block-gallery has-nested-images columns-default is-cropped wp-block-gallery-1 is-layout-flex wp-block-gallery-is-layout-flex\"><\/figure>\n\n\n\n<pre class=\"wp-block-verse\">ZAPRASZAMY DO NASZYCH APARTAMENT\u00d3W JED\u0179 NA WAKACJE <\/pre>\n\n\n\n<div class=\"wp-block-cover\"><img loading=\"lazy\" decoding=\"async\" width=\"576\" height=\"768\" class=\"wp-block-cover__image-background wp-image-165\" alt=\"\" src=\"https:\/\/jedznawakacje.pl\/wp-content\/uploads\/2025\/09\/SIANOZETY.jpg\" data-object-fit=\"cover\" srcset=\"http:\/\/jedznawakacje.pl\/wp-content\/uploads\/2025\/09\/SIANOZETY.jpg 576w, http:\/\/jedznawakacje.pl\/wp-content\/uploads\/2025\/09\/SIANOZETY-225x300.jpg 225w\" sizes=\"auto, (max-width: 576px) 100vw, 576px\" \/><span aria-hidden=\"true\" class=\"wp-block-cover__background has-background-dim\"><\/span><div class=\"wp-block-cover__inner-container is-layout-flow wp-block-cover-is-layout-flow\">\n<p class=\"has-text-align-center has-large-font-size\">Apartament Per\u0142a M\u00f3rz Jed\u017a na Wakacje Siano\u017c\u0119ty<\/p>\n<\/div><\/div>\n\n\n\n<p><\/p>\n\n\n\n<div class=\"wp-block-cover\"><img loading=\"lazy\" decoding=\"async\" width=\"1024\" height=\"768\" class=\"wp-block-cover__image-background wp-image-168\" alt=\"\" src=\"https:\/\/jedznawakacje.pl\/wp-content\/uploads\/2025\/09\/CENTRUM.jpg\" data-object-fit=\"cover\" srcset=\"http:\/\/jedznawakacje.pl\/wp-content\/uploads\/2025\/09\/CENTRUM.jpg 1024w, http:\/\/jedznawakacje.pl\/wp-content\/uploads\/2025\/09\/CENTRUM-300x225.jpg 300w, http:\/\/jedznawakacje.pl\/wp-content\/uploads\/2025\/09\/CENTRUM-768x576.jpg 768w\" sizes=\"auto, (max-width: 1024px) 100vw, 1024px\" \/><span aria-hidden=\"true\" class=\"wp-block-cover__background has-background-dim\"><\/span><div class=\"wp-block-cover__inner-container is-layout-flow wp-block-cover-is-layout-flow\">\n<p class=\"has-text-align-center has-large-font-size\">Apartament Centrum Koszalin<\/p>\n<\/div><\/div>\n\n\n\n\n\n<p><\/p>\n\n\n\n<p><\/p>\n","protected":false},"excerpt":{"rendered":"<p>ZAPRASZAMY DO NASZYCH APARTAMENT\u00d3W JED\u0179 NA WAKACJE<\/p>\n","protected":false},"author":1,"featured_media":0,"parent":0,"menu_order":0,"comment_status":"closed","ping_status":"closed","template":"","meta":{"footnotes":""},"class_list":["post-6","page","type-page","status-publish","hentry"],"_links":{"self":[{"href":"http:\/\/jedznawakacje.pl\/index.php?rest_route=\/wp\/v2\/pages\/6","targetHints":{"allow":["GET"]}}],"collection":[{"href":"http:\/\/jedznawakacje.pl\/index.php?rest_route=\/wp\/v2\/pages"}],"about":[{"href":"http:\/\/jedznawakacje.pl\/index.php?rest_route=\/wp\/v2\/types\/page"}],"author":[{"embeddable":true,"href":"http:\/\/jedznawakacje.pl\/index.php?rest_route=\/wp\/v2\/users\/1"}],"replies":[{"embeddable":true,"href":"http:\/\/jedznawakacje.pl\/index.php?rest_route=%2Fwp%2Fv2%2Fcomments&post=6"}],"version-history":[{"count":16,"href":"http:\/\/jedznawakacje.pl\/index.php?rest_route=\/wp\/v2\/pages\/6\/revisions"}],"predecessor-version":[{"id":184,"href":"http:\/\/jedznawakacje.pl\/index.php?rest_route=\/wp\/v2\/pages\/6\/revisions\/184"}],"wp:attachment":[{"href":"http:\/\/jedznawakacje.pl\/index.php?rest_route=%2Fwp%2Fv2%2Fmedia&parent=6"}],"curies":[{"name":"wp","href":"https:\/\/api.w.org\/{rel}","templated":true}]}}