{"id":18,"date":"2019-06-01T14:32:20","date_gmt":"2019-06-01T14:32:20","guid":{"rendered":"http:\/\/jedznawakacje.pl\/?page_id=18"},"modified":"2019-06-05T06:51:20","modified_gmt":"2019-06-05T06:51:20","slug":"ubezpieczenia","status":"publish","type":"page","link":"http:\/\/jedznawakacje.pl\/?page_id=18","title":{"rendered":"Ubezpieczenia"},"content":{"rendered":"\n<p><strong>Sprawd\u017a Nasz\u0105 Ofert\u0119 i Zapytaj O Cen\u0119 Ubezpieczenia.<\/strong><\/p>\n\n\n\n<p>Gwarantujemy Bogat\u0105 Ofert\u0119, Profesjonal\u0105 Obs\u0142ug\u0119 oraz Najni\u017csz\u0105 Cen\u0119 !<\/p>\n\n\n\n<p><strong>Zapraszam &#8211; Idealna Polisa<\/strong><\/p>\n\n\n\n<h2 class=\"wp-block-heading\"><a href=\"http:\/\/idealnapolisa.pl\"><img loading=\"lazy\" decoding=\"async\" width=\"150\" height=\"150\" class=\"wp-image-41\" style=\"width: 150px;\" src=\"http:\/\/jedznawakacje.pl\/wp-content\/uploads\/2019\/06\/936293_372306779541163_1460388447_n.jpg\" alt=\"\" srcset=\"http:\/\/jedznawakacje.pl\/wp-content\/uploads\/2019\/06\/936293_372306779541163_1460388447_n.jpg 180w, http:\/\/jedznawakacje.pl\/wp-content\/uploads\/2019\/06\/936293_372306779541163_1460388447_n-150x150.jpg 150w\" sizes=\"auto, (max-width: 150px) 100vw, 150px\" \/><\/a><\/h2>\n\n\n\n<pre class=\"wp-block-preformatted\"><iframe loading=\"lazy\" width=\"590\" height=\"800\" src=\"https:\/\/polisy.voyager.pl\/PolisaOnline\/Wybor.aspx?id=JEDZNAWAKK&amp;co=Polisy\" frameborder=\"0\" scrolling=\"auto\"><\/iframe><\/pre>\n","protected":false},"excerpt":{"rendered":"<p>Sprawd\u017a Nasz\u0105 Ofert\u0119 i Zapytaj O Cen\u0119 Ubezpieczenia. Gwarantujemy Bogat\u0105 Ofert\u0119, Profesjonal\u0105 Obs\u0142ug\u0119 oraz Najni\u017csz\u0105 Cen\u0119 ! Zapraszam &#8211; Idealna Polisa<\/p>\n","protected":false},"author":1,"featured_media":0,"parent":0,"menu_order":0,"comment_status":"closed","ping_status":"closed","template":"","meta":{"footnotes":""},"class_list":["post-18","page","type-page","status-publish","hentry"],"_links":{"self":[{"href":"http:\/\/jedznawakacje.pl\/index.php?rest_route=\/wp\/v2\/pages\/18","targetHints":{"allow":["GET"]}}],"collection":[{"href":"http:\/\/jedznawakacje.pl\/index.php?rest_route=\/wp\/v2\/pages"}],"about":[{"href":"http:\/\/jedznawakacje.pl\/index.php?rest_route=\/wp\/v2\/types\/page"}],"author":[{"embeddable":true,"href":"http:\/\/jedznawakacje.pl\/index.php?rest_route=\/wp\/v2\/users\/1"}],"replies":[{"embeddable":true,"href":"http:\/\/jedznawakacje.pl\/index.php?rest_route=%2Fwp%2Fv2%2Fcomments&post=18"}],"version-history":[{"count":10,"href":"http:\/\/jedznawakacje.pl\/index.php?rest_route=\/wp\/v2\/pages\/18\/revisions"}],"predecessor-version":[{"id":82,"href":"http:\/\/jedznawakacje.pl\/index.php?rest_route=\/wp\/v2\/pages\/18\/revisions\/82"}],"wp:attachment":[{"href":"http:\/\/jedznawakacje.pl\/index.php?rest_route=%2Fwp%2Fv2%2Fmedia&parent=18"}],"curies":[{"name":"wp","href":"https:\/\/api.w.org\/{rel}","templated":true}]}}